{"id":64,"date":"2015-06-23T14:09:41","date_gmt":"2015-06-23T12:09:41","guid":{"rendered":"http:\/\/theodorabauer.at\/?page_id=64"},"modified":"2025-11-11T11:34:23","modified_gmt":"2025-11-11T10:34:23","slug":"home","status":"publish","type":"page","link":"https:\/\/theodorabauer.at\/?page_id=64","title":{"rendered":"Bio"},"content":{"rendered":"<hr \/>\n<p><strong>Bio<\/strong><\/p>\n<p style=\"text-align: justify;\">*1990 in Wien, Studium der Publizistik- und Kommunikationswissenschaft (Magisterium) und der Philosophie (Bachelor) an der Universit\u00e4t Wien.<\/p>\n<p style=\"text-align: justify;\">Publikation des Deb\u00fctromans &#8222;Das Fell der Tante Meri&#8220; (2014) und des zweiten Romans &#8222;Chikago&#8220; (2017) im Picus Verlag. Mit ihren Theaterst\u00fccken steht Theodora Bauer seit 2016 bei Schultz &amp; Schirm unter Vertrag. Im Mai 2024 erscheint ihr dritter Roman &#8222;Gl\u00fchen&#8220; bei Rowohlt Berlin. Das Theaterst\u00fcck &#8222;Kleine Geister&#8220;, ein Auftragswerk, feierte im Februar 2024 am Schauspielhaus Salzburg Premiere.<\/p>\n<p style=\"text-align: justify;\">Teilnahme am 20. Klagenfurter Literaturkurs im Rahmen des Ingeborg-Bachmann-Preises mit dem Manuskript von &#8222;Chikago&#8220; (2016). &#8222;papier.waren.pospischil&#8220; gewinnt den 1. Preis beim Festival &#8222;Die Freiheit des Lachens&#8220; am Salzburger Landestheater (2017) und wird im M\u00e4rz 2019 dort uraufgef\u00fchrt. Theodora Bauer erh\u00e4lt den Anerkennungspreis der Burgenlandstiftung Theodor Kery f\u00fcr &#8222;Chikago&#8220; (2018) und das DramatikerInnenstipendium des Bundes f\u00fcr ein in Arbeit befindliches Theaterst\u00fcck (2018). Die S\u00fcddeutsche Zeitung setzt den Roman auf die Liste der &#8222;10 B\u00fccher des Jahres&#8220; (2017). Mit &#8222;Chikago&#8220; kommt sie ins Finale des Alpha-Literaturpreises 2018. 2019 erh\u00e4lt Theodora Bauer den F\u00f6rderungspreis f\u00fcr Literatur der Stadt Wien. 2019-2020 verbringt sie zwei Monate am Deutschen Haus der New York University in NYC im Rahmen eines Schreibaufenthaltes. 2022 ist Theodora Bauer Writer in Residence und Gastdozentin an der BGSU (Bowling Green State University) in Ohio, 2025 am Allegheny College in Meadville, Pennsylvania. 2022 erh\u00e4lt sie sowohl das Projektstipendium des Bundes f\u00fcr einen Roman mit dem Arbeitstitel &#8222;Nebel&#8220; als auch den rotahorn-Literaturpreis.<\/p>\n<p style=\"text-align: justify;\">Von 2018 bis 2023 moderierte sie die Literatursendung &#8222;literaTOUR&#8220; auf ServusTV.<\/p>\n<hr \/>\n<p><strong>Biography in English<\/strong><\/p>\n<p style=\"text-align: justify;\">Born in Vienna in 1990, Theodora Bauer studied Philosophy (Bachelor) and Communication Science (Master) at the University of Vienna. Her debut novel &#8222;Das Fell der Tante Meri&#8220; (&#8222;Aunt Meri\u2019s Fur&#8220;) was published in 2014, followed by her second novel &#8222;Chikago&#8220; in 2017, both with Picus Verlag \/ Vienna. Her plays have been represented by Verlag Schultz &amp; Schirm \/ Vienna since 2016. In 2024, her third novel &#8222;Gl\u00fchen&#8220; will be published by Rowohlt Berlin. Her commissioned play &#8222;Kleine Geister&#8220; premiered at Schauspielhaus Salzburg that same year.<\/p>\n<p style=\"text-align: justify;\">Theodora Bauer participated in the &#8222;20<sup>th<\/sup> Klagenfurt Literaturkurs&#8220; being organised parallel to the Ingeborg-Bachmann-Preis in 2016, working on the manuscript of &#8222;Chikago&#8220;. The German paper S\u00fcddeutsche Zeitung listed &#8222;Chikago&#8220; among the 10 best books of the year 2017. Her reading trips presenting the book took her, amongst others, to the US and Canada.<\/p>\n<p style=\"text-align: justify;\">Her play &#8222;papier.waren.pospischil&#8220; won the first prize at a competition called &#8222;Die Freiheit des Lachens&#8220; at Salzburg State Theatre (Salzburger Landestheater) in 2017 and premiered there in March 2019.<\/p>\n<p style=\"text-align: justify;\">In 2018, Theodora was awarded a prize by the Burgenland Foundation Theodor Kery for &#8222;Chikago&#8220; and a scholarship for playwrights by the Austrian Ministry of Culture for a play that she recently finished. She was nominated for the Alpha Literary Prize 2018 for her second novel. In 2019 she got a literary award from the City of Vienna. In 2019\/2020, Theodora spent two months in NYC at the Deutsches Haus at New York University on a writer&#8217;s residency. Theodora spent some time in 2022 as a writer in residence and guest lecturer at BGSU (Bowling Green State University) in Ohio, holding a similar position in 2025 at Allegheny College in Meadville, Pennsylvania. In 2022 she received a scolarship by the Austrian government to finish a novel with the working title &#8222;Nebel&#8220; and the prestigious rotahorn literary award.<\/p>\n<p style=\"text-align: justify;\">From 2018 to 2023, Theodora hosted the show &#8222;literaTOUR&#8220; on the Austrian TV station ServusTV.<\/p>\n<hr \/>\n<p><strong>Romane:<br \/>\n<\/strong><\/p>\n<p style=\"text-align: justify;\">Zahlreiche Lesungen und wohlwollende mediale Berichterstattung nach der Publikation von &#8222;Chikago&#8220; in deutschen und \u00f6sterreichischen Medien. Die S\u00fcddeutsche Zeitung setzt den Roman auf die Liste der &#8222;10 B\u00fccher des Jahres&#8220; (2017). Lesereisen mit &#8222;Chikago&#8220; nach Paris, nach Budapest und zwei Mal in die USA (2018). F\u00f6rderung von Lesungen aus &#8222;Chikago&#8220; an \u00f6sterreichischen \u00f6ffentlichen Bibliotheken im Rahmen des Programmes &#8222;Geschichte in Geschichten&#8220; des BV\u00d6 (2018). Theodora Bauer erhielt den Anerkennungspreis der Burgenlandstiftung Theodor Kery f\u00fcr \u201cChikago\u201d (2018) und wurde mit dem Buch f\u00fcr den Literaturpreis Alpha nominiert (2018). Im Oktober 2018 wurde &#8222;Chikago&#8220; in einer dramatisierten Fassung auf die B\u00fchne gebracht.<\/p>\n<p style=\"text-align: justify;\">&#8222;Das Fell der Tante Meri&#8220; erscheint als Taschenbuch im Aufbau Verlag (2016)<\/p>\n<p style=\"text-align: justify;\">Recherchereise nach Chicago, nach Hamburg und Bremerhaven (2015)<\/p>\n<p style=\"text-align: justify;\">Lesereise durch Deutschland und \u00d6sterreich anl\u00e4sslich der Ver\u00f6ffentlichung von &#8222;Das Fell der Tante Meri&#8220; (2014). Umfangreiche mediale Berichterstattung zur Ver\u00f6ffentlichung u.a. im ORF, auf WDR und BR. Rezensionen in nahezu allen wichtigen \u00f6sterreichischen Medien. Lesereisen nach Serbien, Belgien, in die T\u00fcrkei und nach Luxemburg. (2014 &#8211; 2016)<\/p>\n<hr \/>\n<p><strong>Theater:<\/strong><\/p>\n<p>Urauff\u00fchrung des Auftragswerkes &#8222;Kleine Geister&#8220; zum Thema Korruption in \u00d6sterreich am Schauspielhaus Salzburg (2024)<\/p>\n<p style=\"text-align: justify;\">Urauff\u00fchrung von &#8222;papier.waren.pospischil&#8220; am Landestheater Salzburg (2019)<\/p>\n<p style=\"text-align: justify;\">Dramatisierung von &#8222;Chikago&#8220; und Auff\u00fchrung im Rahmen von &#8222;Szene \u00d6sterreich&#8220; (2018)<\/p>\n<p style=\"text-align: justify;\">Auff\u00fchrung des Theaterst\u00fccks &#8222;Am Vorabend&#8220; anl\u00e4sslich des Sommertheaters &#8222;thalhof wortwiege&#8220; am Thalhof in Reichenau an der Rax unter der Regie von Anna Maria Krassnigg und J\u00e9r\u00f4me Junod (2018).<\/p>\n<p style=\"text-align: justify;\">Auff\u00fchrung des Theaterst\u00fccks &#8222;papier.waren.pospischil\u201c als Szenische Skizze beim Festival Neues Wiener Volkstheater (2017), bei den \u00d6sterreichischen Theatertagen in Paris (2018) und beim Festival \u201eHin &amp; Weg&#8220; in Litschau am Herrensee (2018). &#8222;papier.waren.pospischil&#8220; gewinnt den 1. Preis beim Festival &#8222;Die Freiheit des Lachens&#8220;, ausgeschrieben vom Salzburger Landestheater (2017).<\/p>\n<p style=\"text-align: justify;\">Auswahl f\u00fcr das Projekt \u201eSchreib\u2019 Drama\u201c des Theaterzentrums Deutschlandsberg; Premiere des dort entstandenen St\u00fcckes (2013)<\/p>\n<p style=\"text-align: justify;\">Entwicklung des St\u00fcckes \u201eUnd wir, die Neuen. Eine Trag\u00f6die\u201c im Rahmen des vom bm:ukk gef\u00f6rderten Projekts \u201emacht.schule.theater\u201c am Offenen Haus Oberwart. Regie: Angelika Messner (2013)<\/p>\n<hr \/>\n<p><strong>Literaturp\u00e4dagogik:<\/strong><\/p>\n<p>Mehrfache Schreib- und Lehraufenthalte an US-amerikanischen Universit\u00e4ten (2022, 2025)<\/p>\n<p style=\"text-align: justify;\">Kontinuierliche Betreuung von literarischen Workshops f\u00fcr Kinder und Jugendliche am Literaturhaus Mattersburg (verst\u00e4rkt ab 2017), in Eisenstadt und f\u00fcr KulturKontaktAustria in Kooperation mit dem UNHCR (2018).<\/p>\n<p style=\"text-align: justify;\">Teilnahme an zahlreichen Schreibwerkst\u00e4tten und Workshops, u.a. der Literaturwerkstatt Graz, der Jungen Literaturwerkstatt Wien, des Offenen Hauses Oberwart und des Schauspielhauses Wien. (2001-2013)<\/p>\n<hr \/>\n<p><strong>Andere Bet\u00e4tigungsfelder:<\/strong><\/p>\n<p style=\"text-align: justify;\">Moderation der Fernsehsendung &#8222;literaTOUR&#8220; auf ServusTV (2018-2023)<\/p>\n<p style=\"text-align: justify;\">Moderation von Diskussionsveranstaltungen (ab 2015)<\/p>\n<p style=\"text-align: justify;\">Austauschsemester an der University of Illinois at Urbana-Champaign in den USA. Teilnahme erm\u00f6glicht durch ein Stipendium der Universit\u00e4t Wien (SS 2014). Im Rahmen davon Internship beim \u201cEbertfest: Roger Ebert\u2019s Film Festival\u201d in Champaign, IL. (2014)<\/p>\n<p style=\"text-align: justify;\">Teilnahme am Europ\u00e4ischen Forum Alpbach mit einem Stipendium des Club Alpbach Burgenland (2013 &#8211; 2015, 2017). 2019 war Theodora Bauer als &#8222;Art Scholar&#8220; am Forum Alpbach vertreten.<\/p>\n<p style=\"text-align: justify;\">Studium in klassischem Gesang bei Eva Lindqvist, Wien (2008 &#8211;\u00a0 2013)<\/p>\n<p style=\"text-align: justify;\">Tutoriatsauftrag an der Universit\u00e4t Wien, Betreuung der Seminare von Univ.-Prof. Dr. Alfred Pfabigan am Institut f\u00fcr Philosophie. Thema: Politische Philosophie (2011 &#8211; 2012)<\/p>\n<p style=\"text-align: justify;\">Praktikum in der Kulturredaktion des ORF Burgenland (2010)<\/p>\n","protected":false},"excerpt":{"rendered":"<p class=\"excerpt\">Bio *1990 in Wien, Studium der Publizistik- und Kommunikationswissenschaft (Magisterium) und der Philosophie (Bachelor) an der Universit\u00e4t Wien. Publikation des Deb\u00fctromans &#8222;Das Fell der Tante Meri&#8220; (2014) und des zweiten Romans &#8222;Chikago&#8220; (2017) im Picus Verlag. Mit ihren Theaterst\u00fccken steht Theodora Bauer seit 2016 bei Schultz &amp; Schirm unter Vertrag. Im Mai 2024 erscheint ihr dritter Roman &#8222;Gl\u00fchen&#8220; bei Rowohlt&hellip; <a href=\"https:\/\/theodorabauer.at\/?page_id=64\">Read more &rarr;<\/a><\/p>\n","protected":false},"author":2,"featured_media":0,"parent":0,"menu_order":0,"comment_status":"closed","ping_status":"open","template":"","meta":{"footnotes":""},"_links":{"self":[{"href":"https:\/\/theodorabauer.at\/index.php?rest_route=\/wp\/v2\/pages\/64"}],"collection":[{"href":"https:\/\/theodorabauer.at\/index.php?rest_route=\/wp\/v2\/pages"}],"about":[{"href":"https:\/\/theodorabauer.at\/index.php?rest_route=\/wp\/v2\/types\/page"}],"author":[{"embeddable":true,"href":"https:\/\/theodorabauer.at\/index.php?rest_route=\/wp\/v2\/users\/2"}],"replies":[{"embeddable":true,"href":"https:\/\/theodorabauer.at\/index.php?rest_route=%2Fwp%2Fv2%2Fcomments&post=64"}],"version-history":[{"count":49,"href":"https:\/\/theodorabauer.at\/index.php?rest_route=\/wp\/v2\/pages\/64\/revisions"}],"predecessor-version":[{"id":2266,"href":"https:\/\/theodorabauer.at\/index.php?rest_route=\/wp\/v2\/pages\/64\/revisions\/2266"}],"wp:attachment":[{"href":"https:\/\/theodorabauer.at\/index.php?rest_route=%2Fwp%2Fv2%2Fmedia&parent=64"}],"curies":[{"name":"wp","href":"https:\/\/api.w.org\/{rel}","templated":true}]}}